a(r) = 217*r - 13713. What is a(63)?
-42
Let x(w) = w**3 - 100*w**2 - 5780*w - 105. What is x(141)?
36
Let p(q) = -348*q**2 + 2298*q + 9149. Give p(-4).
-5611
Let t(a) = 5*a**3 - 1233*a**2 - 1720*a - 3964. Give t(248).
4
Let t(o) = 3*o**3 - 10*o**2 - 585*o + 1746. What is t(3)?
-18
Let s(q) = 359*q - 261022. What is s(727)?
-29
Let b(g) = 3*g - 374. Give b(58).
-200
Let h(i) = 3*i**3 - 20*i**2 - 193*i + 1233. What is h(6)?
3
Let c(w) = 7591*w**2 - 45524*w - 138. Determine c(6).
-6
Let i(n) = -817*n + 66821. Determine i(80).
1461
Let g(b) = 5*b**2 - 1139*b + 4566. Calculate g(4).
90
Let j(c) = -2*c**2 - 28363*c + 56728. Give j(2).
-6
Let f(l) = -4*l**3 + 35*l**2 + 56*l - 503. What is f(9)?
-80
Let r(w) = 1013*w**3 - 2*w**2 - 25*w - 23. Give r(-1).
-1013
Let f(n) = -8*n**2 - 512*n + 92152. What is f(-144)?
-8
Let f(l) = -l**3 + 441*l**2 + 862*l + 10615. Determine f(443).
-17
Let n(j) = -2751*j + 79759. What is n(29)?
-20
Let s(x) = x**3 - 9*x**2 - 1493*x + 5994. Calculate s(4).
-58
Let j(d) = 220*d + 37859. Calculate j(-172).
19
Let k(p) = p**3 - 18*p**2 - 6*p + 59. Determine k(9).
-724
Let w(p) = -2*p**3 + 125*p**2 - 485*p + 477. What is w(2)?
-9
Let l(n) = -660*n + 12516. What is l(19)?
-24
Let q(d) = 3*d**2 - 18281*d + 36556. Give q(2).
6
Let h(q) = 84429*q + 9118397. Give h(-108).
65
Let x(w) = w**3 + 57*w**2 - 912*w + 31. Calculate x(13).
5
Let l(j) = 35496*j + 603431. What is l(-17)?
-1
Let f(u) = 8240*u - 65327. What is f(8)?
593
Let z(x) = 627*x + 46607. What is z(-74)?
209
Let v(f) = -f**2 + f + 2103. What is v(0)?
2103
Let r(j) = -3*j**2 + 7791*j + 101658. Determine r(-13).
-132
Let d(c) = 163*c**2 - 645*c - 25. Determine d(4).
3
Let f(c) = -c**2 - 15*c + 293. Determine f(-26).
7
Let v(p) = 13*p**2 + 316*p + 625. Determine v(-22).
-35
Let f(m) = -243*m - 6869. Calculate f(-28).
-65
Let a(d) = -21*d**3 + 580*d**2 + 228*d - 73. What is a(28)?
39
Let s(l) = 47*l**2 - 13*l - 7. Give s(-2).
207
Let w(o) = 1271*o + 27786. Calculate w(-22).
-176
Let p(o) = 8*o**2 - 7790*o + 623584. Calculate p(88).
16
Let b(z) = -z**3 + 5*z**2 - 27748*z + 138744. Calculate b(5).
4
Let y(j) = -708*j - 28925. Determine y(-41).
103
Let r(y) = -y**3 - 89*y**2 - 2078*y - 4763. Determine r(-40).
-43
Let j(w) = 6*w**2 + 23*w + 127. Give j(-17).
1470
Let a(k) = 2*k**3 - 97*k**2 - 137*k - 276. Calculate a(50).
374
Let g(r) = 2*r**3 + 68*r**2 + 221*r - 561. Calculate g(-30).
9
Let d(c) = -113*c**2 + 1542*c + 84. Give d(14).
-476
Let c(y) = -1852*y + 296321. Give c(160).
1
Let t(u) = -u**2 - 40*u - 101. What is t(27)?
-1910
Let y(q) = q**3 + 134*q**2 + 313*q + 41916. Determine y(-134).
-26
Let z(t) = 17*t**2 - 10204*t + 71364. Give z(7).
769
Let y(v) = -16*v**3 + 607*v**2 - 2143*v + 49. Give y(34).
15
Let h(j) = 109*j**3 + 21*j**2 - 42*j - 6. What is h(2)?
866
Let t(x) = 233*x**2 + 846*x - 178. Calculate t(-4).
166
Let g(q) = 2*q**3 - 3079*q**2 + 26070*q - 65827. Calculate g(1531).
6
Let h(c) = -c**3 - 5*c**2 + 35104*c + 280634. Give h(-8).
-6
Let z(b) = b**3 - 91*b**2 + 588*b - 62273. Determine z(92).
287
Let v(f) = 65*f**2 + 1476*f + 8893. Give v(-6).
2377
Let k(a) = -2*a**2 - 417*a + 18756. Determine k(38).
22
Let c(i) = 56968*i - 797546. Determine c(14).
6
Let f(b) = -18109*b + 181087. What is f(10)?
-3
Let r(j) = -88549*j + 2302277. Give r(26).
3
Let x(q) = 5295*q - 11251. Determine x(2).
-661
Let k(a) = 15*a**2 + 239*a + 12. Give k(-14).
-394
Let s(f) = 339*f + 72. What is s(2)?
750
Let o(x) = 31960*x + 2556839. Give o(-80).
39
Let s(y) = y**3 - 21*y**2 - 27518*y + 14663. Give s(-156).
-1
Let f(x) = -2116*x + 8506. Calculate f(4).
42
Let m(n) = n**3 - 33*n**2 + 30*n + 4384. What is m(22)?
-280
Let t(k) = 5*k**3 + 11*k**2 + 38*k + 142. Calculate t(-4).
-154
Let i(o) = -o**3 + 199*o**2 + 3674*o - 457. Determine i(216).
-25
Let t(c) = c**3 - 2*c**2 - 1137*c + 861. Determine t(0).
861
Let g(h) = 679571*h - 3397861. Give g(5).
-6
Let w(p) = -128334*p - 384975. Determine w(-3).
27
Let h(u) = u**2 + 167272*u - 501842. What is h(3)?
-17
Let p(u) = -2*u**3 + 23*u**2 + 10*u - 52. What is p(11)?
179
Let a(q) = -582*q - 115490. Give a(-192).
-3746
Let o(s) = 11*s**2 - 4302*s - 21388. Calculate o(396).
-4
Let l(r) = 4*r**2 + 140*r + 747. Determine l(-6).
51
Let c(v) = -1874*v + 279231. What is c(149)?
5
Let i(j) = -102*j**2 - 196670*j - 196670. What is i(-1)?
-102
Let h(u) = 2*u**2 - 2378*u - 38558. Calculate h(-16).
2
Let z(o) = 94*o**2 + 667*o - 1340. Give z(2).
370
Let u(m) = 28*m**2 - 1047*m - 5279. Determine u(-5).
656
Let v(r) = -2313*r - 17404. What is v(-7)?
-1213
Let f(d) = d**2 + 15685*d - 31365. Give f(2).
9
Let u(h) = -114*h - 14366. What is u(-127)?
112
Let l(h) = h**3 + 10*h**2 + 80*h + 378. What is l(-8)?
-134
Let y(o) = 4*o**2 + 207*o - 2748. Calculate y(13).
619
Let h(i) = -2*i**3 + 34*i**2 + 3*i - 335. Determine h(16).
225
Let y(z) = z**3 - 105*z**2 + 203*z + 935. What is y(103)?
626
Let w(x) = 2*x**3 - 16*x**2 - 30*x + 403. Calculate w(10).
503
Let z(f) = 3*f**3 - 34*f**2 - 2901*f + 32028. Give z(11).
-4
Let i(j) = -j**3 + 13*j**2 + 254*j - 1021. What is i(23)?
-469
Let z(d) = 68*d**2 - 42*d - 121. What is z(-4)?
1135
Let u(i) = 2*i**3 + 450*i**2 - 13040*i - 36. Give u(26).
276
Let q(t) = -2878*t + 30144. Give q(8).
7120
Let i(h) = 75*h**2 + 277*h + 1704. Determine i(-6).
2742
Let b(a) = -13*a + 991. What is b(-89)?
2148
Let s(c) = c**2 - 46879*c + 421819. Give s(9).
-11
Let o(t) = -614*t - 36763. Calculate o(-65).
3147
Let k(b) = -2059*b + 41369. What is k(20)?
189
Let a(i) = 2*i**3 + 175*i**2 - 79*i + 515. Calculate a(-88).
-277
Let c(r) = 3849*r + 10603. Calculate c(-4).
-4793
Let a(i) = -84*i**2 + 63*i - 186. Calculate a(3).
-753
Let c(n) = -3876*n - 25804. What is c(-6)?
-2548
Let z(n) = n**3 + 477*n**2 - 4131*n - 121756. Calculate z(-485).
-21
Let w(i) = 2*i**3 - 167*i**2 - 125*i + 3438. Determine w(84).
-6
Let h(x) = 2962*x + 110394. What is h(-38)?
-2162
Let w(y) = -288*y**2 + 180*y + 436. Give w(-2).
-1076
Let w(d) = -3194*d + 54232. Give w(17).
-66
Let k(s) = -2*s**3 + 761*s**2 - 1840*s - 18982. Calculate k(378).
-82
Let r(l) = -l**2 - 2024*l - 16287. Give r(-8).
-159
Let g(v) = -v**3 - 12*v**2 + 205*v - 74. Give g(7).
430
Let f(x) = -x**2 - 244*x - 13689. Calculate f(-89).
106
Let k(t) = 5*t**2 - 15257*t - 15255. Determine k(-1).
7
Let g(y) = 3*y**2 + 154*y + 2253. What is g(-49)?
1910
Let i(n) = -34533*n + 4454754. What is i(129)?
-3
Let o(q) = 23*q**3 - 47*q**2 - 5*q + 44. Give o(4).
744
Let l(m) = -m**2 + 196*m - 2816. Give l(190).
-1676
Let f(s) = -s**3 + 222*s**2 - 7*s + 1479. Give f(222).
-75
Let f(o) = o**2 + 882*o - 10680. Determine f(12).
48
Let j(i) = -4*i**3 + 49*i**2 - 57*i. Calculate j(11).
-22
Let f(l) = -1083*l - 26958. Give f(-25).
117
Let q(d) = -346130*d + 2422907. Calculate q(7).
-3
Let c(z) = -110*z - 113738. Give c(-1034).
2
Let d(m) = m**3 - 217*m**2 - 14301*m - 2467. What is d(270)?
-37
Let c(r) = r**2 + 911*r - 168912. Determine c(158).
-10
Let o(m) = 102*m**2 - 296*m - 1071. Determine o(5).
-1
Let h(t) = -4*t**2 + 793*t - 31165. Determine h(54).
-7
Let c(b) = 2320*b - 52947. Determine c(23).
413
Let q(y) = -3*y**3 + 25*y**2 + 33*y - 629. What is q(8)?
-301
Let v(j) = -46*j**3 + 6*j**2 + 164*j - 662. Give v(4).
-2854
Let i(t) = 633*t - 15153. Calculate i(24).
39
Let n(u) = 119*u**2 - 9296*u + 1096. Give n(78).
4
Let r(p) = -2*p**2 - 2324*p - 11644. Give r(-5).
-74
Let n(o) = -o**2 + 381*o - 15188. What is n(336)?
-68
Let y(h) = -790*h + 32011. What is y(40)?
411
Let g(b) = 48551*b - 1165213. Determine g(24).
11
Let n(k) = -6*k**2 - 256*k + 551. Give n(-46).
-369
Let v(i) = -i**3 + 155*i**2 - 2932*i + 839. What is v(133)?
41
Let l(k) = 142*k + 17599. What is l(-127)?
-435
Let z(f) = 778*f - 313945. Determine z(403).
-411
Let r(a) = -8190*a + 16216. What is r(2)?
-164
Let c(g) = -87*g - 8866. Determine c(-98).
-340
Let w(u) = 2*u**2 + 36*u - 363. Give w(13).
443
Let y(w) = 1740*w + 12027. What is y(-7)?
-153
Let y(a) = -6*a**2 + 334*a - 582. Determine y(54).
-42
Let n(w) = -w**2 + 452*w - 15158. Give n(36).
-182
Let k(o) = -119*o**2 + 5011*o + 15. Determine k(42).
561
Let s(v) = 8250*v + 243. Calculate s(0).
243
Let w(f) = 1192*f - 54827. Calculate w(46).
5
Let h(k) = 121711*k + 243393. Give h(-2).
-29
Let n(v) = 879*v -